{"id":18,"date":"2016-06-08T07:57:17","date_gmt":"2016-06-08T07:57:17","guid":{"rendered":"http:\/\/szallodabutor.hu\/?page_id=7"},"modified":"2023-03-11T08:01:44","modified_gmt":"2023-03-11T08:01:44","slug":"fooldal","status":"publish","type":"page","link":"https:\/\/alexnabytek.cz\/materskeskolky\/","title":{"rendered":"F\u0151oldal"},"content":{"rendered":"<div class=\"row \"><div class=\"extra-wrap block_1\"><div class=\"span12 \"><section class=\"lazy-load-box trigger effect-fade \" data-delay=\"200\" data-speed=\"1200\" style=\"-webkit-transition: all 1200ms ease; -moz-transition: all 1200ms ease; -ms-transition: all 1200ms ease; -o-transition: all 1200ms ease; transition: all 1200ms ease;\">\n<h2>AKTU\u00c1LN\u011a<\/h2>\n<\/section><\/div>\n\r\n<div class=\"span6 newhometexts-a\">\r\n\t<section class=\"lazy-load-box trigger effect-slidefromleft\" data-delay=\"200\" data-speed=\"900\" style=\"-webkit-transition: all 900ms ease; -moz-transition: all 900ms ease; -ms-transition: all 900ms ease; -o-transition: all 900ms ease; transition: all 900ms ease;\">\r\n\t\t<h3>NOV\u00dd KATALOG N\u00c1BYTKU<\/h3>\r\n\t\t<p>Na\u0161im c\u00edlem je d\u011blat radost i pro nejmen\u0161\u00ed a zjednodu\u0161it v\u00fduku pro vychovatele v mate\u0159sk\u00fdch \u0161kol\u00e1ch, nev\u00e1hejte, a st\u00e1hn\u011bte si n\u00e1\u0161 katalog pro mate\u0159sk\u00e9 \u0161koly.<\/p>\r\n\t\t<a href=\"https:\/\/alexnabytek.cz\/materskeskolky\/katalogy\/\" class=\"btn btn-primary btn-normal btn-inline \">\u010cT\u011aTE V\u00cdCE<\/a>\t\t\r\n\t<\/section>\r\n<\/div>\r\n<div class=\"span6 newhometexts-b\">\r\n\t<section class=\"lazy-load-box trigger effect-slidefromright\" data-delay=\"200\" data-speed=\"900\" style=\"-webkit-transition: all 900ms ease; -moz-transition: all 900ms ease; -ms-transition: all 900ms ease; -o-transition: all 900ms ease; transition: all 900ms ease;\">\r\n\t\t<h3>NOV\u00c9 NORBI LEH\u00c1TKA<\/h3>\r\n\t\t<p>Na\u0161e nov\u00e9 Norbi leh\u00e1tka maj\u00ed zes\u00edlen\u00e9 rohov\u00e9 d\u00edly a tkaninu, \u010d\u00edm\u017e se prodlu\u017euje jeich \u017eivotnost.<\/p>\r\n\t\t<a href=\"https:\/\/alexnabytek.cz\/materskeskolky\/produkty\/lehatka-do-skolek-a-jesli\/tnf-01-norbi-lehatko-pro-materske-skolky-norbi-lehatko-pro-materske-skolky\/\" class=\"btn btn-primary btn-normal btn-inline \">\u010cT\u011aTE V\u00cdCE<\/a>\t\t\r\n\t<\/section>\r\n<\/div><\/div><\/div><!-- .row (end) --><script type=\"text\/javascript\">\r\n          jQuery(function() {\r\n              jQuery(\"#fixedparallax_69e6fb9ccbda5\").cherryFixedParallax({\r\n                offset: true,\r\n                bgfixed: true,\r\n                invert: true\r\n              });\r\n          });\r\n    <\/script><section id=\"fixedparallax_69e6fb9ccbda5\" class=\"fixed_parallax_section cherry_fixed_parallax1\" data-source-url=\"https:\/\/alexnabytek.cz\/materskeskolky\/wp-content\/uploads\/2016\/06\/parallax_pic1.jpg\" data-source-width=\"1920\" data-source-height=\"1518\"><div class=\"container parallax_content\">\n<div class=\"row \"><div class=\"span12 \"><section class=\"lazy-load-box trigger effect-slideup \" data-delay=\"200\" data-speed=\"900\" style=\"-webkit-transition: all 900ms ease; -moz-transition: all 900ms ease; -ms-transition: all 900ms ease; -o-transition: all 900ms ease; transition: all 900ms ease;\">\n<h2>OBL\u00cdBEN\u00c9 PRODUKTY<\/h2>\n<\/section><\/div><section class=\"lazy-load-box trigger effect-zoomout \" data-delay=\"200\" data-speed=\"900\" style=\"-webkit-transition: all 900ms ease; -moz-transition: all 900ms ease; -ms-transition: all 900ms ease; -o-transition: all 900ms ease; transition: all 900ms ease;\">\n\r\n<div class=\"span4 top-termek-a\">\r\n\t<ul class=\"alex-fooldal-top-termek\">\r\n\t\t<li class=\"portfolio_item isotope-item\">\r\n\t\t\t<div class=\"portfolio_item_holder\">\r\n\t\t\t\t<figure class=\"thumbnail thumbnail__portfolio\">\r\n\t\t\t\t\t<a href=\"https:\/\/alexnabytek.cz\/materskeskolky\/produkty\/zidle-a-stoly-do-skolek-a-jesli\/kovove-zidlicky\/gosz-f-zidlicka-geo-pro-materske-skolky-zidlicka-geo-pro-materske-skolky\/\" class=\"image-wrap\" title=\"\u017dIDLE DO MATE\u0158SK\u00ddCH \u0160KOL GEO\" >\r\n\t\t\t\t\t\t<img decoding=\"async\" src=\"https:\/\/alexnabytek.cz\/materskeskolky\/wp-content\/uploads\/2023\/03\/01_GEO_ovodai_szek_allithato_magassagu.jpg\" alt=\"\u017dIDLE DO MATE\u0158SK\u00ddCH \u0160KOL GEO\">\r\n\t\t\t\t\t<\/a>\r\n\t\t\t\t<\/figure>\r\n\t\t\t\t<div class=\"caption caption__portfolio\">\r\n\t\t\t\t\t<h3><a href=\"https:\/\/alexnabytek.cz\/materskeskolky\/produkty\/zidle-a-stoly-do-skolek-a-jesli\/kovove-zidlicky\/gosz-f-zidlicka-geo-pro-materske-skolky-zidlicka-geo-pro-materske-skolky\/\" >\u017dIDLE DO MATE\u0158SK\u00ddCH \u0160KOL GEO<\/a><\/h3>\r\n\t\t\t\t<\/div>\r\n\t\t\t<\/div>\r\n\t\t<\/li>\r\n\t<\/ul>\r\n\t<div class=\"spacer\"><\/div>\r\n<\/div>\r\n<div class=\"span4 top-termek-b\">\r\n\t<ul class=\"alex-fooldal-top-termek\">\r\n\t\t<li class=\"portfolio_item isotope-item\">\r\n\t\t\t<div class=\"portfolio_item_holder\">\r\n\t\t\t\t<figure class=\"thumbnail thumbnail__portfolio\">\r\n\t\t\t\t\t<a href=\"https:\/\/alexnabytek.cz\/materskeskolky\/kategorie\/zidle-a-stoly-do-skolek-a-jesli\/kovove-stolky\/\" class=\"image-wrap\" title=\"POH\u00c1DKOV\u00c9 STOLY S KOVOVOU KONSTRUKC\u00cd\" >\r\n\t\t\t\t\t\t<img decoding=\"async\" src=\"https:\/\/alexnabytek.cz\/materskeskolky\/wp-content\/uploads\/2023\/03\/02_Mese_femvazas_aztalok.jpg\" alt=\"POH\u00c1DKOV\u00c9 STOLY S KOVOVOU KONSTRUKC\u00cd\">\r\n\t\t\t\t\t<\/a>\r\n\t\t\t\t<\/figure>\r\n\t\t\t\t<div class=\"caption caption__portfolio\">\r\n\t\t\t\t\t<h3><a href=\"https:\/\/alexnabytek.cz\/materskeskolky\/kategorie\/zidle-a-stoly-do-skolek-a-jesli\/kovove-stolky\/\" >POH\u00c1DKOV\u00c9 STOLY S KOVOVOU KONSTRUKC\u00cd<\/a><\/h3>\r\n\t\t\t\t<\/div>\r\n\t\t\t<\/div>\r\n\t\t<\/li>\r\n\t<\/ul>\r\n\t<div class=\"spacer\"><\/div>\r\n<\/div>\r\n<div class=\"span4 top-termek-c\">\r\n\t<ul class=\"alex-fooldal-top-termek\">\r\n\t\t<li class=\"portfolio_item isotope-item\">\r\n\t\t\t<div class=\"portfolio_item_holder\">\r\n\t\t\t\t<figure class=\"thumbnail thumbnail__portfolio\">\r\n\t\t\t\t\t<a href=\"https:\/\/alexnabytek.cz\/materskeskolky\/produkty\/zidle-a-stoly-do-skolek-a-jesli\/kovove-zidlicky\/vsz-0-viola-zidle-pro-materske-skolky-viola-zidle-pro-materske-skolky\/\" class=\"image-wrap\" title=\"VIOLA \u2013 \u017dIDLE\" >\r\n\t\t\t\t\t\t<img decoding=\"async\" src=\"https:\/\/alexnabytek.cz\/materskeskolky\/wp-content\/uploads\/2023\/03\/viola-ajanlat.jpg\" alt=\"VIOLA \u2013 \u017dIDLE\">\r\n\t\t\t\t\t<\/a>\r\n\t\t\t\t<\/figure>\r\n\t\t\t\t<div class=\"caption caption__portfolio\">\r\n\t\t\t\t\t<h3><a href=\"https:\/\/alexnabytek.cz\/materskeskolky\/produkty\/zidle-a-stoly-do-skolek-a-jesli\/kovove-zidlicky\/vsz-0-viola-zidle-pro-materske-skolky-viola-zidle-pro-materske-skolky\/\" >VIOLA \u2013 \u017dIDLE<\/a><\/h3>\r\n\t\t\t\t<\/div>\r\n\t\t\t<\/div>\r\n\t\t<\/li>\r\n\t<\/ul>\r\n\t<div class=\"spacer\"><\/div>\r\n<\/div>\r\n<div class=\"span4 top-termek-d\">\r\n\t<ul class=\"alex-fooldal-top-termek\">\r\n\t\t<li class=\"portfolio_item isotope-item\">\r\n\t\t\t<div class=\"portfolio_item_holder\">\r\n\t\t\t\t<figure class=\"thumbnail thumbnail__portfolio\">\r\n\t\t\t\t\t<a href=\"https:\/\/alexnabytek.cz\/materskeskolky\/kategorie\/skrine-do-skolek-a-jesli\/skrine-pluto\/\" class=\"image-wrap\" title=\"\u0160ATN\u00cd SK\u0158\u00cd\u0147KY PLUTO\" >\r\n\t\t\t\t\t\t<img decoding=\"async\" src=\"https:\/\/alexnabytek.cz\/materskeskolky\/wp-content\/uploads\/2023\/03\/04_Pluto_oltozoszekreny-1.jpg\" alt=\"\u0160ATN\u00cd SK\u0158\u00cd\u0147KY PLUTO\">\r\n\t\t\t\t\t<\/a>\r\n\t\t\t\t<\/figure>\r\n\t\t\t\t<div class=\"caption caption__portfolio\">\r\n\t\t\t\t\t<h3><a href=\"https:\/\/alexnabytek.cz\/materskeskolky\/kategorie\/skrine-do-skolek-a-jesli\/skrine-pluto\/\" >\u0160ATN\u00cd SK\u0158\u00cd\u0147KY PLUTO<\/a><\/h3>\r\n\t\t\t\t<\/div>\r\n\t\t\t<\/div>\r\n\t\t<\/li>\r\n\t<\/ul>\r\n\t<div class=\"spacer\"><\/div>\r\n<\/div>\r\n<div class=\"span4 top-termek-e\">\r\n\t<ul class=\"alex-fooldal-top-termek\">\r\n\t\t<li class=\"portfolio_item isotope-item\">\r\n\t\t\t<div class=\"portfolio_item_holder\">\r\n\t\t\t\t<figure class=\"thumbnail thumbnail__portfolio\">\r\n\t\t\t\t\t<a href=\"https:\/\/alexnabytek.cz\/materskeskolky\/kategorie\/skrine-do-skolek-a-jesli\/doplnky\/kuchynka\/\" class=\"image-wrap\" title=\"D\u011aTSK\u00c1 KUCHY\u0147KA\" >\r\n\t\t\t\t\t\t<img decoding=\"async\" src=\"https:\/\/alexnabytek.cz\/materskeskolky\/wp-content\/uploads\/2023\/03\/05_Jatekkonyha_laminalt.jpg\" alt=\"D\u011aTSK\u00c1 KUCHY\u0147KA\">\r\n\t\t\t\t\t<\/a>\r\n\t\t\t\t<\/figure>\r\n\t\t\t\t<div class=\"caption caption__portfolio\">\r\n\t\t\t\t\t<h3><a href=\"https:\/\/alexnabytek.cz\/materskeskolky\/kategorie\/skrine-do-skolek-a-jesli\/doplnky\/kuchynka\/\" >D\u011aTSK\u00c1 KUCHY\u0147KA<\/a><\/h3>\r\n\t\t\t\t<\/div>\r\n\t\t\t<\/div>\r\n\t\t<\/li>\r\n\t<\/ul>\r\n\t<div class=\"spacer\"><\/div>\r\n<\/div>\r\n<div class=\"span4 top-termek-f\">\r\n\t<ul class=\"alex-fooldal-top-termek\">\r\n\t\t<li class=\"portfolio_item isotope-item\">\r\n\t\t\t<div class=\"portfolio_item_holder\">\r\n\t\t\t\t<figure class=\"thumbnail thumbnail__portfolio\">\r\n\t\t\t\t\t<a href=\"https:\/\/alexnabytek.cz\/materskeskolky\/produkty\/zahradni-hriste\/hriste-z-boroveho-dreva\/b3-22-hrad-se-dvema-vezemi-a-prolezackou-hrad-se-dvema-vezemi-a-prolezackou\/\" class=\"image-wrap\" title=\"PROL\u00c9ZA\u010cKA SE DV\u011aMA V\u011a\u017dEMI\" >\r\n\t\t\t\t\t\t<img decoding=\"async\" src=\"https:\/\/alexnabytek.cz\/materskeskolky\/wp-content\/uploads\/2023\/03\/06_Kettornyos_var_gorgos_hiddal.jpg\" alt=\"PROL\u00c9ZA\u010cKA SE DV\u011aMA V\u011a\u017dEMI\">\r\n\t\t\t\t\t<\/a>\r\n\t\t\t\t<\/figure>\r\n\t\t\t\t<div class=\"caption caption__portfolio\">\r\n\t\t\t\t\t<h3><a href=\"https:\/\/alexnabytek.cz\/materskeskolky\/produkty\/zahradni-hriste\/hriste-z-boroveho-dreva\/b3-22-hrad-se-dvema-vezemi-a-prolezackou-hrad-se-dvema-vezemi-a-prolezackou\/\" >PROL\u00c9ZA\u010cKA SE DV\u011aMA V\u011a\u017dEMI<\/a><\/h3>\r\n\t\t\t\t<\/div>\r\n\t\t\t<\/div>\r\n\t\t<\/li>\r\n\t<\/ul>\r\n\t<div class=\"spacer\"><\/div>\r\n<\/div><\/section><div class=\"spacer\"><\/div><!-- .spacer (end) -->\n<div class=\"span12 \"><div class=\"spacer\"><\/div><!-- .spacer (end) --><section class=\"lazy-load-box trigger effect-slideup \" data-delay=\"200\" data-speed=\"900\" style=\"-webkit-transition: all 900ms ease; -moz-transition: all 900ms ease; -ms-transition: all 900ms ease; -o-transition: all 900ms ease; transition: all 900ms ease;\"><div class=\"spacer\"><\/div><!-- .spacer (end) -->\n<h2>DAL\u0160\u00cd KATEGORIE<\/h2>\n<\/section><\/div><div class=\"span12 \"><section class=\"lazy-load-box trigger effect-zoomout \" data-delay=\"200\" data-speed=\"900\" style=\"-webkit-transition: all 900ms ease; -moz-transition: all 900ms ease; -ms-transition: all 900ms ease; -o-transition: all 900ms ease; transition: all 900ms ease;\">\n<section class=\"lazy-load-box effect-zoomout\">\n<ul class=\"posts-grid row-fluid unstyled block_2 ul-item-0\">\n<li class=\"span4 list-item-1\">\n<figure class=\"featured-thumbnail thumbnail\"><img decoding=\"async\" src=\"https:\/\/alexnabytek.cz\/materskeskolky\/wp-content\/uploads\/2016\/06\/01_Iskola-1.jpg\" \/><\/figure>\n<div class=\"clear\"><\/div>\n<div class=\"desc\">\n<h6><strong>\u0160KOLN\u00cd N\u00c1BYTEK<\/strong><\/h6>\n<p><a class=\"btn btn-primary\" title=\"\u0160KOLN\u00cd N\u00c1BYTEK\" href=\"https:\/\/alexnabytek.cz\/skolninabytek\" target=\"_blank\" rel=\"noopener noreferrer\">V\u00cdCE<\/a><\/p>\n<\/div>\n<\/li>\n<li class=\"span4 list-item-3\">\n<figure class=\"featured-thumbnail thumbnail\"><img decoding=\"async\" src=\"https:\/\/alexnabytek.cz\/materskeskolky\/wp-content\/uploads\/2016\/06\/02_Oltozo-1.jpg\" \/><\/figure>\n<div class=\"clear\"><\/div>\n<div class=\"desc\">\n<h6><strong>\u0160ATN\u00cd N\u00c1BYTEK<\/strong><\/h6>\n<p>Vyberte si z na\u0161\u00ed nab\u00eddky kvalitn\u00edch sk\u0159\u00edn\u00ed!<\/p>\n<p><a class=\"btn btn-primary\" title=\"\u0160ATN\u00cd N\u00c1BYTEK\" href=\"https:\/\/alexnabytek.cz\/satninabytek\" target=\"_blank\" rel=\"noopener noreferrer\">V\u00cdCE<\/a><\/p>\n<\/div>\n<\/li>\n<li class=\"span4 list-item-2\">\n<figure class=\"featured-thumbnail thumbnail\"><img decoding=\"async\" src=\"https:\/\/alexnabytek.cz\/materskeskolky\/wp-content\/uploads\/2016\/06\/03_Utca-1.jpg\" \/><\/figure>\n<div class=\"clear\"><\/div>\n<div class=\"desc\">\n<h6><strong>M\u011aSTSK\u00dd MOBILI\u00c1\u0158<\/strong><\/h6>\n<p>Vykro\u010dte z uniformity a ud\u011blejte si hezk\u00e9 prost\u0159ed\u00ed!<\/p>\n<p><a class=\"btn btn-primary\" title=\"M\u011aSTSK\u00dd MOBILI\u00c1\u0158\" href=\"https:\/\/alexnabytek.cz\/mestskymobiliar\" target=\"_blank\" rel=\"noopener noreferrer\">V\u00cdCE<\/a><\/p>\n<\/div>\n<\/li>\n<\/ul>\n<\/section>\n<\/section><\/div><\/div><!-- .row (end) --><\/div><\/section>\n","protected":false},"excerpt":{"rendered":"","protected":false},"author":1,"featured_media":0,"parent":0,"menu_order":0,"comment_status":"closed","ping_status":"closed","template":"page-home.php","meta":{"footnotes":""},"class_list":["post-18","page","type-page","status-publish","hentry"],"yoast_head":"<!-- This site is optimized with the Yoast SEO plugin v24.6 - https:\/\/yoast.com\/wordpress\/plugins\/seo\/ -->\n<title>F\u0151oldal - N\u00c1BYTEK PRO MATE\u0158SK\u00c9 \u0160KOLKY<\/title>\n<meta name=\"robots\" content=\"index, follow, max-snippet:-1, max-image-preview:large, max-video-preview:-1\" \/>\n<link rel=\"canonical\" href=\"https:\/\/alexnabytek.cz\/materskeskolky\/\" \/>\n<meta property=\"og:locale\" content=\"cs_CZ\" \/>\n<meta property=\"og:type\" content=\"article\" \/>\n<meta property=\"og:title\" content=\"F\u0151oldal - N\u00c1BYTEK PRO MATE\u0158SK\u00c9 \u0160KOLKY\" \/>\n<meta property=\"og:url\" content=\"https:\/\/alexnabytek.cz\/materskeskolky\/\" \/>\n<meta property=\"og:site_name\" content=\"N\u00c1BYTEK PRO MATE\u0158SK\u00c9 \u0160KOLKY\" \/>\n<meta property=\"article:modified_time\" content=\"2023-03-11T08:01:44+00:00\" \/>\n<meta property=\"og:image\" content=\"https:\/\/alexnabytek.cz\/materskeskolky\/wp-content\/uploads\/2016\/06\/01_Iskola-1.jpg\" \/>\n<meta name=\"twitter:card\" content=\"summary_large_image\" \/>\n<meta name=\"twitter:label1\" content=\"Est. reading time\" \/>\n\t<meta name=\"twitter:data1\" content=\"1 minute\" \/>\n<script type=\"application\/ld+json\" class=\"yoast-schema-graph\">{\"@context\":\"https:\/\/schema.org\",\"@graph\":[{\"@type\":\"WebPage\",\"@id\":\"https:\/\/alexnabytek.cz\/materskeskolky\/\",\"url\":\"https:\/\/alexnabytek.cz\/materskeskolky\/\",\"name\":\"F\u0151oldal - N\u00c1BYTEK PRO MATE\u0158SK\u00c9 \u0160KOLKY\",\"isPartOf\":{\"@id\":\"https:\/\/alexnabytek.cz\/materskeskolky\/#website\"},\"primaryImageOfPage\":{\"@id\":\"https:\/\/alexnabytek.cz\/materskeskolky\/#primaryimage\"},\"image\":{\"@id\":\"https:\/\/alexnabytek.cz\/materskeskolky\/#primaryimage\"},\"thumbnailUrl\":\"https:\/\/alexnabytek.cz\/materskeskolky\/wp-content\/uploads\/2016\/06\/01_Iskola-1.jpg\",\"datePublished\":\"2016-06-08T07:57:17+00:00\",\"dateModified\":\"2023-03-11T08:01:44+00:00\",\"breadcrumb\":{\"@id\":\"https:\/\/alexnabytek.cz\/materskeskolky\/#breadcrumb\"},\"inLanguage\":\"en-US\",\"potentialAction\":[{\"@type\":\"ReadAction\",\"target\":[\"https:\/\/alexnabytek.cz\/materskeskolky\/\"]}]},{\"@type\":\"ImageObject\",\"inLanguage\":\"en-US\",\"@id\":\"https:\/\/alexnabytek.cz\/materskeskolky\/#primaryimage\",\"url\":\"https:\/\/alexnabytek.cz\/materskeskolky\/wp-content\/uploads\/2016\/06\/01_Iskola-1.jpg\",\"contentUrl\":\"https:\/\/alexnabytek.cz\/materskeskolky\/wp-content\/uploads\/2016\/06\/01_Iskola-1.jpg\",\"width\":370,\"height\":185},{\"@type\":\"BreadcrumbList\",\"@id\":\"https:\/\/alexnabytek.cz\/materskeskolky\/#breadcrumb\",\"itemListElement\":[{\"@type\":\"ListItem\",\"position\":1,\"name\":\"Home\",\"item\":\"https:\/\/alexnabytek.cz\/materskeskolky\/\"},{\"@type\":\"ListItem\",\"position\":2,\"name\":\"F\u0151oldal\"}]},{\"@type\":\"WebSite\",\"@id\":\"https:\/\/alexnabytek.cz\/materskeskolky\/#website\",\"url\":\"https:\/\/alexnabytek.cz\/materskeskolky\/\",\"name\":\"N\u00c1BYTEK PRO MATE\u0158SK\u00c9 \u0160KOLKY\",\"description\":\"Alex kovov\u00fd a \u0161koln\u00ed n\u00e1bytek s.r.o\",\"potentialAction\":[{\"@type\":\"SearchAction\",\"target\":{\"@type\":\"EntryPoint\",\"urlTemplate\":\"https:\/\/alexnabytek.cz\/materskeskolky\/?s={search_term_string}\"},\"query-input\":{\"@type\":\"PropertyValueSpecification\",\"valueRequired\":true,\"valueName\":\"search_term_string\"}}],\"inLanguage\":\"en-US\"}]}<\/script>\n<!-- \/ Yoast SEO plugin. -->","yoast_head_json":{"title":"F\u0151oldal - N\u00c1BYTEK PRO MATE\u0158SK\u00c9 \u0160KOLKY","robots":{"index":"index","follow":"follow","max-snippet":"max-snippet:-1","max-image-preview":"max-image-preview:large","max-video-preview":"max-video-preview:-1"},"canonical":"https:\/\/alexnabytek.cz\/materskeskolky\/","og_locale":"cs_CZ","og_type":"article","og_title":"F\u0151oldal - N\u00c1BYTEK PRO MATE\u0158SK\u00c9 \u0160KOLKY","og_url":"https:\/\/alexnabytek.cz\/materskeskolky\/","og_site_name":"N\u00c1BYTEK PRO MATE\u0158SK\u00c9 \u0160KOLKY","article_modified_time":"2023-03-11T08:01:44+00:00","og_image":[{"url":"https:\/\/alexnabytek.cz\/materskeskolky\/wp-content\/uploads\/2016\/06\/01_Iskola-1.jpg","type":"","width":"","height":""}],"twitter_card":"summary_large_image","twitter_misc":{"Est. reading time":"1 minute"},"schema":{"@context":"https:\/\/schema.org","@graph":[{"@type":"WebPage","@id":"https:\/\/alexnabytek.cz\/materskeskolky\/","url":"https:\/\/alexnabytek.cz\/materskeskolky\/","name":"F\u0151oldal - N\u00c1BYTEK PRO MATE\u0158SK\u00c9 \u0160KOLKY","isPartOf":{"@id":"https:\/\/alexnabytek.cz\/materskeskolky\/#website"},"primaryImageOfPage":{"@id":"https:\/\/alexnabytek.cz\/materskeskolky\/#primaryimage"},"image":{"@id":"https:\/\/alexnabytek.cz\/materskeskolky\/#primaryimage"},"thumbnailUrl":"https:\/\/alexnabytek.cz\/materskeskolky\/wp-content\/uploads\/2016\/06\/01_Iskola-1.jpg","datePublished":"2016-06-08T07:57:17+00:00","dateModified":"2023-03-11T08:01:44+00:00","breadcrumb":{"@id":"https:\/\/alexnabytek.cz\/materskeskolky\/#breadcrumb"},"inLanguage":"en-US","potentialAction":[{"@type":"ReadAction","target":["https:\/\/alexnabytek.cz\/materskeskolky\/"]}]},{"@type":"ImageObject","inLanguage":"en-US","@id":"https:\/\/alexnabytek.cz\/materskeskolky\/#primaryimage","url":"https:\/\/alexnabytek.cz\/materskeskolky\/wp-content\/uploads\/2016\/06\/01_Iskola-1.jpg","contentUrl":"https:\/\/alexnabytek.cz\/materskeskolky\/wp-content\/uploads\/2016\/06\/01_Iskola-1.jpg","width":370,"height":185},{"@type":"BreadcrumbList","@id":"https:\/\/alexnabytek.cz\/materskeskolky\/#breadcrumb","itemListElement":[{"@type":"ListItem","position":1,"name":"Home","item":"https:\/\/alexnabytek.cz\/materskeskolky\/"},{"@type":"ListItem","position":2,"name":"F\u0151oldal"}]},{"@type":"WebSite","@id":"https:\/\/alexnabytek.cz\/materskeskolky\/#website","url":"https:\/\/alexnabytek.cz\/materskeskolky\/","name":"N\u00c1BYTEK PRO MATE\u0158SK\u00c9 \u0160KOLKY","description":"Alex kovov\u00fd a \u0161koln\u00ed n\u00e1bytek s.r.o","potentialAction":[{"@type":"SearchAction","target":{"@type":"EntryPoint","urlTemplate":"https:\/\/alexnabytek.cz\/materskeskolky\/?s={search_term_string}"},"query-input":{"@type":"PropertyValueSpecification","valueRequired":true,"valueName":"search_term_string"}}],"inLanguage":"en-US"}]}},"_links":{"self":[{"href":"https:\/\/alexnabytek.cz\/materskeskolky\/wp-json\/wp\/v2\/pages\/18","targetHints":{"allow":["GET"]}}],"collection":[{"href":"https:\/\/alexnabytek.cz\/materskeskolky\/wp-json\/wp\/v2\/pages"}],"about":[{"href":"https:\/\/alexnabytek.cz\/materskeskolky\/wp-json\/wp\/v2\/types\/page"}],"author":[{"embeddable":true,"href":"https:\/\/alexnabytek.cz\/materskeskolky\/wp-json\/wp\/v2\/users\/1"}],"replies":[{"embeddable":true,"href":"https:\/\/alexnabytek.cz\/materskeskolky\/wp-json\/wp\/v2\/comments?post=18"}],"version-history":[{"count":7,"href":"https:\/\/alexnabytek.cz\/materskeskolky\/wp-json\/wp\/v2\/pages\/18\/revisions"}],"predecessor-version":[{"id":53780,"href":"https:\/\/alexnabytek.cz\/materskeskolky\/wp-json\/wp\/v2\/pages\/18\/revisions\/53780"}],"wp:attachment":[{"href":"https:\/\/alexnabytek.cz\/materskeskolky\/wp-json\/wp\/v2\/media?parent=18"}],"curies":[{"name":"wp","href":"https:\/\/api.w.org\/{rel}","templated":true}]}}