{"id":10,"date":"2016-06-08T07:57:17","date_gmt":"2016-06-08T07:57:17","guid":{"rendered":"http:\/\/szallodabutor.hu\/?page_id=7"},"modified":"2024-11-22T12:52:12","modified_gmt":"2024-11-22T12:52:12","slug":"fooldal","status":"publish","type":"page","link":"https:\/\/alexnabytek.cz\/satninabytek\/","title":{"rendered":"F\u0151oldal"},"content":{"rendered":"<div class=\"row \">\n<div class=\"extra-wrap block_1\">\n<div class=\"span12 \"><section class=\"lazy-load-box trigger effect-fade \" data-delay=\"200\" data-speed=\"1200\" style=\"-webkit-transition: all 1200ms ease; -moz-transition: all 1200ms ease; -ms-transition: all 1200ms ease; -o-transition: all 1200ms ease; transition: all 1200ms ease;\">\n<h2>AKTUALITY<\/h2>\n<\/section><\/div>\n\r\n<div class=\"span6 newhometexts-a\">\r\n\t<section class=\"lazy-load-box trigger effect-slidefromleft\" data-delay=\"200\" data-speed=\"900\" style=\"-webkit-transition: all 900ms ease; -moz-transition: all 900ms ease; -ms-transition: all 900ms ease; -o-transition: all 900ms ease; transition: all 900ms ease;\">\r\n\t\t<h3>VOLITELN\u00c9 BARVY LAT\u00cd A KOVOV\u00ddCH KONSTRUKC\u00cd<\/h3>\r\n\t\t<p>S ohledem na zp\u011btnou vazbu od na\u0161ich z\u00e1kazn\u00edk\u016f jsou na\u0161e \u0161atn\u00ed lavice Fitt dostupn\u00e9 v 5 r\u016fzn\u00fdch barv\u00e1ch lat\u00ed a ve 14 z\u00e1kladn\u00edch barv\u00e1ch konstrukce.<\/p>\r\n\t\t<a href=\"https:\/\/alexnabytek.cz\/satninabytek\/volitelne-barvy-lati-a-kovovych-konstrukci\/\" class=\"btn btn-primary btn-normal btn-inline \">\u010cT\u011aTE V\u00cdCE<\/a>\t\t\r\n\t<\/section>\r\n<\/div>\r\n<div class=\"span6 newhometexts-b\">\r\n\t<section class=\"lazy-load-box trigger effect-slidefromright\" data-delay=\"200\" data-speed=\"900\" style=\"-webkit-transition: all 900ms ease; -moz-transition: all 900ms ease; -ms-transition: all 900ms ease; -o-transition: all 900ms ease; transition: all 900ms ease;\">\r\n\t\t<h3>NA\u0160E NOV\u00c9 SPORTOVN\u00cd \u0160ATN\u00cd SK\u0158\u00cdN\u011a<\/h3>\r\n\t\t<p>Ve srovn\u00e1n\u00ed s p\u0159edchoz\u00edm typem maj\u00ed na\u0161e nov\u00e9 sk\u0159\u00edn\u011b v\u00edce m\u00edsta, barva povrchu sedadla odpov\u00edd\u00e1 barv\u011b sk\u0159\u00edn\u011b.<\/p>\r\n\t\t<a href=\"https:\/\/alexnabytek.cz\/satninabytek\/kategorie\/satni-skrine\/satni-skrine-z-ltd\/satni-skrinky-s-lavickami\/\" class=\"btn btn-primary btn-normal btn-inline \">\u010cT\u011aTE V\u00cdCE<\/a>\t\t\r\n\t<\/section>\r\n<\/div>\n<\/div>\n<\/div><!-- .row (end) -->\n<script type=\"text\/javascript\">\r\n          jQuery(function() {\r\n              jQuery(\"#fixedparallax_69ec1a247f3fa\").cherryFixedParallax({\r\n                offset: true,\r\n                bgfixed: true,\r\n                invert: true\r\n              });\r\n          });\r\n    <\/script><section id=\"fixedparallax_69ec1a247f3fa\" class=\"fixed_parallax_section cherry_fixed_parallax1\" data-source-url=\"https:\/\/alexnabytek.cz\/satninabytek\/wp-content\/uploads\/2016\/06\/parallax_pic1.jpg\" data-source-width=\"1920\" data-source-height=\"1518\"><div class=\"container parallax_content\">\n<div class=\"row \">\n<div class=\"span12 \"><section class=\"lazy-load-box trigger effect-slideup \" data-delay=\"200\" data-speed=\"900\" style=\"-webkit-transition: all 900ms ease; -moz-transition: all 900ms ease; -ms-transition: all 900ms ease; -o-transition: all 900ms ease; transition: all 900ms ease;\">\n<h2>OBL\u00cdBEN\u00c9 PRODUKTY<\/h2>\n<\/section><\/div>\n<section class=\"lazy-load-box trigger effect-zoomout \" data-delay=\"200\" data-speed=\"900\" style=\"-webkit-transition: all 900ms ease; -moz-transition: all 900ms ease; -ms-transition: all 900ms ease; -o-transition: all 900ms ease; transition: all 900ms ease;\">\n\r\n<div class=\"span4 top-termek-a\">\r\n\t<ul class=\"alex-fooldal-top-termek\">\r\n\t\t<li class=\"portfolio_item isotope-item\">\r\n\t\t\t<div class=\"portfolio_item_holder\">\r\n\t\t\t\t<figure class=\"thumbnail thumbnail__portfolio\">\r\n\t\t\t\t\t<a href=\"https:\/\/alexnabytek.cz\/satninabytek\/produkty\/satni-skrine\/kovove-satni-skrine\/delene-satni-skrinky\/5004-8-300-st-fittmet-30-satni-skrin-osmimistna-delena-kovova\/\" class=\"image-wrap\" title=\"FITTMET 30 OSMIM\u00cdSTN\u00c1\" >\r\n\t\t\t\t\t\t<img decoding=\"async\" src=\"https:\/\/alexnabytek.cz\/satninabytek\/wp-content\/uploads\/2023\/03\/01-FittMet30_8-szemelyes.jpg\" alt=\"FITTMET 30 OSMIM\u00cdSTN\u00c1\">\r\n\t\t\t\t\t<\/a>\r\n\t\t\t\t<\/figure>\r\n\t\t\t\t<div class=\"caption caption__portfolio\">\r\n\t\t\t\t\t<h3><a href=\"https:\/\/alexnabytek.cz\/satninabytek\/produkty\/satni-skrine\/kovove-satni-skrine\/delene-satni-skrinky\/5004-8-300-st-fittmet-30-satni-skrin-osmimistna-delena-kovova\/\" >FITTMET 30 OSMIM\u00cdSTN\u00c1<\/a><\/h3>\r\n\t\t\t\t<\/div>\r\n\t\t\t<\/div>\r\n\t\t<\/li>\r\n\t<\/ul>\r\n\t<div class=\"spacer\"><\/div>\r\n<\/div>\r\n<div class=\"span4 top-termek-b\">\r\n\t<ul class=\"alex-fooldal-top-termek\">\r\n\t\t<li class=\"portfolio_item isotope-item\">\r\n\t\t\t<div class=\"portfolio_item_holder\">\r\n\t\t\t\t<figure class=\"thumbnail thumbnail__portfolio\">\r\n\t\t\t\t\t<a href=\"https:\/\/alexnabytek.cz\/satninabytek\/produkty\/satni-skrine\/satni-skrine-z-ltd\/delene-satni-skrinky\/otb-01-090-06-l-fitt-30-satni-skrin-sestimistna-delena\/\" class=\"image-wrap\" title=\"FITTMET 30 \u0160ESTIM\u00cdSTN\u00c1\" >\r\n\t\t\t\t\t\t<img decoding=\"async\" src=\"https:\/\/alexnabytek.cz\/satninabytek\/wp-content\/uploads\/2023\/03\/02-FittMet30_6-szemelyes_osztott.jpg\" alt=\"FITTMET 30 \u0160ESTIM\u00cdSTN\u00c1\">\r\n\t\t\t\t\t<\/a>\r\n\t\t\t\t<\/figure>\r\n\t\t\t\t<div class=\"caption caption__portfolio\">\r\n\t\t\t\t\t<h3><a href=\"https:\/\/alexnabytek.cz\/satninabytek\/produkty\/satni-skrine\/satni-skrine-z-ltd\/delene-satni-skrinky\/otb-01-090-06-l-fitt-30-satni-skrin-sestimistna-delena\/\" >FITTMET 30 \u0160ESTIM\u00cdSTN\u00c1<\/a><\/h3>\r\n\t\t\t\t<\/div>\r\n\t\t\t<\/div>\r\n\t\t<\/li>\r\n\t<\/ul>\r\n\t<div class=\"spacer\"><\/div>\r\n<\/div>\r\n<div class=\"span4 top-termek-c\">\r\n\t<ul class=\"alex-fooldal-top-termek\">\r\n\t\t<li class=\"portfolio_item isotope-item\">\r\n\t\t\t<div class=\"portfolio_item_holder\">\r\n\t\t\t\t<figure class=\"thumbnail thumbnail__portfolio\">\r\n\t\t\t\t\t<a href=\"https:\/\/alexnabytek.cz\/satninabytek\/produkty\/satni-lavicky\/satni-lavicky-fitt\/s-drevenym-sedakem\/otb-uf-190-175-41-fitt-jednostranna-satni-lavicka-s-hacky-s-operadlem-190-cm\/\" class=\"image-wrap\" title=\"FITT \u0160ATN\u00cd LAVI\u010cKA\" >\r\n\t\t\t\t\t\t<img decoding=\"async\" src=\"https:\/\/alexnabytek.cz\/satninabytek\/wp-content\/uploads\/2023\/03\/03-Fitt_tamlas_oltozopad_190cm.jpg\" alt=\"FITT \u0160ATN\u00cd LAVI\u010cKA\">\r\n\t\t\t\t\t<\/a>\r\n\t\t\t\t<\/figure>\r\n\t\t\t\t<div class=\"caption caption__portfolio\">\r\n\t\t\t\t\t<h3><a href=\"https:\/\/alexnabytek.cz\/satninabytek\/produkty\/satni-lavicky\/satni-lavicky-fitt\/s-drevenym-sedakem\/otb-uf-190-175-41-fitt-jednostranna-satni-lavicka-s-hacky-s-operadlem-190-cm\/\" >FITT \u0160ATN\u00cd LAVI\u010cKA<\/a><\/h3>\r\n\t\t\t\t<\/div>\r\n\t\t\t<\/div>\r\n\t\t<\/li>\r\n\t<\/ul>\r\n\t<div class=\"spacer\"><\/div>\r\n<\/div>\r\n<div class=\"span4 top-termek-d\">\r\n\t<ul class=\"alex-fooldal-top-termek\">\r\n\t\t<li class=\"portfolio_item isotope-item\">\r\n\t\t\t<div class=\"portfolio_item_holder\">\r\n\t\t\t\t<figure class=\"thumbnail thumbnail__portfolio\">\r\n\t\t\t\t\t<a href=\"https:\/\/alexnabytek.cz\/satninabytek\/produkty\/satni-skrine\/satni-skrine-z-ltd\/satni-skrinky-s-z-dvirky\/otb-01-120-06-zl-z-fitt-satni-skrin-sestimistna-se-z-dvirky\/\" class=\"image-wrap\" title=\"Z-FITT 30 \u0160ESTIM\u00cdSTN\u00c1\" >\r\n\t\t\t\t\t\t<img decoding=\"async\" src=\"https:\/\/alexnabytek.cz\/satninabytek\/wp-content\/uploads\/2023\/03\/04-Z-Fitt30_6_szemelyes.jpg\" alt=\"Z-FITT 30 \u0160ESTIM\u00cdSTN\u00c1\">\r\n\t\t\t\t\t<\/a>\r\n\t\t\t\t<\/figure>\r\n\t\t\t\t<div class=\"caption caption__portfolio\">\r\n\t\t\t\t\t<h3><a href=\"https:\/\/alexnabytek.cz\/satninabytek\/produkty\/satni-skrine\/satni-skrine-z-ltd\/satni-skrinky-s-z-dvirky\/otb-01-120-06-zl-z-fitt-satni-skrin-sestimistna-se-z-dvirky\/\" >Z-FITT 30 \u0160ESTIM\u00cdSTN\u00c1<\/a><\/h3>\r\n\t\t\t\t<\/div>\r\n\t\t\t<\/div>\r\n\t\t<\/li>\r\n\t<\/ul>\r\n\t<div class=\"spacer\"><\/div>\r\n<\/div>\r\n<div class=\"span4 top-termek-e\">\r\n\t<ul class=\"alex-fooldal-top-termek\">\r\n\t\t<li class=\"portfolio_item isotope-item\">\r\n\t\t\t<div class=\"portfolio_item_holder\">\r\n\t\t\t\t<figure class=\"thumbnail thumbnail__portfolio\">\r\n\t\t\t\t\t<a href=\"https:\/\/alexnabytek.cz\/satninabytek\/produkty\/satni-skrine\/satni-skrine-z-ltd\/skrinky-s-vysokymi-dvirky\/otb-01-040-01-l-fitt-40-satni-skrin-jednomistna-s-vysokymi-dvirky\/\" class=\"image-wrap\" title=\"FITT 40 \u0160ATN\u00cd SK\u0158\u00cd\u0147\" >\r\n\t\t\t\t\t\t<img decoding=\"async\" src=\"https:\/\/alexnabytek.cz\/satninabytek\/wp-content\/uploads\/2023\/03\/05-Fitt40_1_szemelyes_hosszuajtos.jpg\" alt=\"FITT 40 \u0160ATN\u00cd SK\u0158\u00cd\u0147\">\r\n\t\t\t\t\t<\/a>\r\n\t\t\t\t<\/figure>\r\n\t\t\t\t<div class=\"caption caption__portfolio\">\r\n\t\t\t\t\t<h3><a href=\"https:\/\/alexnabytek.cz\/satninabytek\/produkty\/satni-skrine\/satni-skrine-z-ltd\/skrinky-s-vysokymi-dvirky\/otb-01-040-01-l-fitt-40-satni-skrin-jednomistna-s-vysokymi-dvirky\/\" >FITT 40 \u0160ATN\u00cd SK\u0158\u00cd\u0147<\/a><\/h3>\r\n\t\t\t\t<\/div>\r\n\t\t\t<\/div>\r\n\t\t<\/li>\r\n\t<\/ul>\r\n\t<div class=\"spacer\"><\/div>\r\n<\/div>\r\n<div class=\"span4 top-termek-f\">\r\n\t<ul class=\"alex-fooldal-top-termek\">\r\n\t\t<li class=\"portfolio_item isotope-item\">\r\n\t\t\t<div class=\"portfolio_item_holder\">\r\n\t\t\t\t<figure class=\"thumbnail thumbnail__portfolio\">\r\n\t\t\t\t\t<a href=\"https:\/\/alexnabytek.cz\/satninabytek\/produkty\/satni-skrine\/satni-skrine-z-ltd\/skrinky-s-vysokymi-dvirky\/otb-01-030-01-l-fitt-30-satni-skrin-jednomistna-s-vysokymi-dvirky\/\" class=\"image-wrap\" title=\"FITT 30 \u0160ATN\u00cd SK\u0158\u00cd\u0147\" >\r\n\t\t\t\t\t\t<img decoding=\"async\" src=\"https:\/\/alexnabytek.cz\/satninabytek\/wp-content\/uploads\/2023\/03\/06-Fitt30_2_szemelyes_hosszuajtos.jpg\" alt=\"FITT 30 \u0160ATN\u00cd SK\u0158\u00cd\u0147\">\r\n\t\t\t\t\t<\/a>\r\n\t\t\t\t<\/figure>\r\n\t\t\t\t<div class=\"caption caption__portfolio\">\r\n\t\t\t\t\t<h3><a href=\"https:\/\/alexnabytek.cz\/satninabytek\/produkty\/satni-skrine\/satni-skrine-z-ltd\/skrinky-s-vysokymi-dvirky\/otb-01-030-01-l-fitt-30-satni-skrin-jednomistna-s-vysokymi-dvirky\/\" >FITT 30 \u0160ATN\u00cd SK\u0158\u00cd\u0147<\/a><\/h3>\r\n\t\t\t\t<\/div>\r\n\t\t\t<\/div>\r\n\t\t<\/li>\r\n\t<\/ul>\r\n\t<div class=\"spacer\"><\/div>\r\n<\/div>\n<\/section>\n<div class=\"spacer\"><\/div><!-- .spacer (end) -->\n<div class=\"span12 \"><div class=\"spacer\"><\/div><!-- .spacer (end) -->\n<section class=\"lazy-load-box trigger effect-slideup \" data-delay=\"200\" data-speed=\"900\" style=\"-webkit-transition: all 900ms ease; -moz-transition: all 900ms ease; -ms-transition: all 900ms ease; -o-transition: all 900ms ease; transition: all 900ms ease;\">\n<div class=\"spacer\"><\/div><!-- .spacer (end) -->\n<h2>DAL\u0160\u00cd V\u00ddROBKY<\/h2>\n<\/section><\/div>\n<div class=\"span12 \"><section class=\"lazy-load-box trigger effect-zoomout \" data-delay=\"200\" data-speed=\"900\" style=\"-webkit-transition: all 900ms ease; -moz-transition: all 900ms ease; -ms-transition: all 900ms ease; -o-transition: all 900ms ease; transition: all 900ms ease;\">\n<section class=\"lazy-load-box effect-zoomout\">\n<ul class=\"posts-grid row-fluid unstyled block_2 ul-item-0\">\n\r\n\t<li class=\"span4 list-item\">\r\n\t\t<figure class=\"featured-thumbnail thumbnail\">\r\n\t\t\t<img decoding=\"async\" src=\"https:\/\/alexnabytek.cz\/satninabytek\/wp-content\/uploads\/2016\/06\/05_irodabutor_v2-1.jpg\"\">\r\n\t\t<\/figure>\r\n\t\t<div class=\"clear\"><\/div>\r\n\t\t<a href=\"https:\/\/alexnabytek.cz\/kancelarskynabytek\/\" target=\"_blank\">\r\n\t\t\t<div class=\"desc\">\r\n\t\t\t\t<h6><strong>KANCEL\u00c1\u0158SK\u00dd N\u00c1BYTEK<\/strong><span>Dop\u0159ejte si kancel\u00e1\u0159 sv\u00fdch sn\u016f ve vysok\u00e9 kvalit\u011b<\/span><\/h6>\r\n\t\t\t\t<span class=\"btn btn-primary\">Dal\u0161\u00ed<\/span>\r\n\t\t\t<\/div>\r\n\t\t<\/a>\r\n\t<\/li>\r\n\t\n\r\n\t<li class=\"span4 list-item\">\r\n\t\t<figure class=\"featured-thumbnail thumbnail\">\r\n\t\t\t<img decoding=\"async\" src=\"https:\/\/alexnabytek.cz\/satninabytek\/wp-content\/uploads\/2016\/06\/06_utcabutor_v2-1-1.jpg\"\">\r\n\t\t<\/figure>\r\n\t\t<div class=\"clear\"><\/div>\r\n\t\t<a href=\"https:\/\/alexnabytek.cz\/mestskymobiliar\/\" target=\"_blank\">\r\n\t\t\t<div class=\"desc\">\r\n\t\t\t\t<h6><strong>M\u011aSTSK\u00dd MOBILI\u00c1\u0158<\/strong><span>Nab\u00edz\u00edme jedine\u010dn\u00e9 v\u00fdrobky pro Va\u0161e jedine\u010dn\u00e9 prostory<\/span><\/h6>\r\n\t\t\t\t<span class=\"btn btn-primary\">Dal\u0161\u00ed<\/span>\r\n\t\t\t<\/div>\r\n\t\t<\/a>\r\n\t<\/li>\r\n\t\n\r\n\t<li class=\"span4 list-item\">\r\n\t\t<figure class=\"featured-thumbnail thumbnail\">\r\n\t\t\t<img decoding=\"async\" src=\"https:\/\/alexnabytek.cz\/satninabytek\/wp-content\/uploads\/2016\/06\/03_tovabbi_uzletag-szallodabutor_v3.jpg\"\">\r\n\t\t<\/figure>\r\n\t\t<div class=\"clear\"><\/div>\r\n\t\t<a href=\"https:\/\/alexnabytek.cz\/hotel-gastronabytek\/\" target=\"_blank\">\r\n\t\t\t<div class=\"desc\">\r\n\t\t\t\t<h6><strong>HOTELOV\u00dd A GASTRO N\u00c1BYTEK<\/strong><span>Kvalitn\u00ed \u017eidle, stoly a dopl\u0148ky pro perfektn\u00ed fungov\u00e1n\u00ed hotel\u016f a restaurac\u00ed.<\/span><\/h6>\r\n\t\t\t\t<span class=\"btn btn-primary\">Dal\u0161\u00ed<\/span>\r\n\t\t\t<\/div>\r\n\t\t<\/a>\r\n\t<\/li>\r\n\t\n<\/ul>\n<\/section>\n<\/section><\/div>\n<\/div><!-- .row (end) -->\n<\/div><\/section>\n","protected":false},"excerpt":{"rendered":"","protected":false},"author":3,"featured_media":0,"parent":0,"menu_order":0,"comment_status":"closed","ping_status":"closed","template":"page-home.php","meta":{"footnotes":""},"class_list":["post-10","page","type-page","status-publish","hentry"],"yoast_head":"<!-- This site is optimized with the Yoast SEO plugin v24.6 - https:\/\/yoast.com\/wordpress\/plugins\/seo\/ -->\n<title>\u0160ATN\u00cd N\u00c1BYTEK<\/title>\n<meta name=\"robots\" content=\"index, follow, max-snippet:-1, max-image-preview:large, max-video-preview:-1\" \/>\n<link rel=\"canonical\" href=\"https:\/\/alexnabytek.cz\/satninabytek\/\" \/>\n<meta property=\"og:locale\" content=\"cs_CZ\" \/>\n<meta property=\"og:type\" content=\"article\" \/>\n<meta property=\"og:title\" content=\"\u0160ATN\u00cd N\u00c1BYTEK\" \/>\n<meta property=\"og:url\" content=\"https:\/\/alexnabytek.cz\/satninabytek\/\" \/>\n<meta property=\"og:site_name\" content=\"\u0160ATN\u00cd N\u00c1BYTEK\" \/>\n<meta property=\"article:modified_time\" content=\"2024-11-22T12:52:12+00:00\" \/>\n<meta name=\"twitter:card\" content=\"summary_large_image\" \/>\n<meta name=\"twitter:label1\" content=\"Est. reading time\" \/>\n\t<meta name=\"twitter:data1\" content=\"1 minute\" \/>\n<script type=\"application\/ld+json\" class=\"yoast-schema-graph\">{\"@context\":\"https:\/\/schema.org\",\"@graph\":[{\"@type\":\"WebPage\",\"@id\":\"https:\/\/alexnabytek.cz\/satninabytek\/\",\"url\":\"https:\/\/alexnabytek.cz\/satninabytek\/\",\"name\":\"\u0160ATN\u00cd N\u00c1BYTEK\",\"isPartOf\":{\"@id\":\"https:\/\/alexnabytek.cz\/satninabytek\/#website\"},\"datePublished\":\"2016-06-08T07:57:17+00:00\",\"dateModified\":\"2024-11-22T12:52:12+00:00\",\"breadcrumb\":{\"@id\":\"https:\/\/alexnabytek.cz\/satninabytek\/#breadcrumb\"},\"inLanguage\":\"en-US\",\"potentialAction\":[{\"@type\":\"ReadAction\",\"target\":[\"https:\/\/alexnabytek.cz\/satninabytek\/\"]}]},{\"@type\":\"BreadcrumbList\",\"@id\":\"https:\/\/alexnabytek.cz\/satninabytek\/#breadcrumb\",\"itemListElement\":[{\"@type\":\"ListItem\",\"position\":1,\"name\":\"Home\",\"item\":\"https:\/\/alexnabytek.cz\/satninabytek\/\"},{\"@type\":\"ListItem\",\"position\":2,\"name\":\"F\u0151oldal\"}]},{\"@type\":\"WebSite\",\"@id\":\"https:\/\/alexnabytek.cz\/satninabytek\/#website\",\"url\":\"https:\/\/alexnabytek.cz\/satninabytek\/\",\"name\":\"\u0160ATN\u00cd N\u00c1BYTEK\",\"description\":\"Alex kovov\u00fd a \u0161koln\u00ed n\u00e1bytek s.r.o.\",\"potentialAction\":[{\"@type\":\"SearchAction\",\"target\":{\"@type\":\"EntryPoint\",\"urlTemplate\":\"https:\/\/alexnabytek.cz\/satninabytek\/?s={search_term_string}\"},\"query-input\":{\"@type\":\"PropertyValueSpecification\",\"valueRequired\":true,\"valueName\":\"search_term_string\"}}],\"inLanguage\":\"en-US\"}]}<\/script>\n<!-- \/ Yoast SEO plugin. -->","yoast_head_json":{"title":"\u0160ATN\u00cd N\u00c1BYTEK","robots":{"index":"index","follow":"follow","max-snippet":"max-snippet:-1","max-image-preview":"max-image-preview:large","max-video-preview":"max-video-preview:-1"},"canonical":"https:\/\/alexnabytek.cz\/satninabytek\/","og_locale":"cs_CZ","og_type":"article","og_title":"\u0160ATN\u00cd N\u00c1BYTEK","og_url":"https:\/\/alexnabytek.cz\/satninabytek\/","og_site_name":"\u0160ATN\u00cd N\u00c1BYTEK","article_modified_time":"2024-11-22T12:52:12+00:00","twitter_card":"summary_large_image","twitter_misc":{"Est. reading time":"1 minute"},"schema":{"@context":"https:\/\/schema.org","@graph":[{"@type":"WebPage","@id":"https:\/\/alexnabytek.cz\/satninabytek\/","url":"https:\/\/alexnabytek.cz\/satninabytek\/","name":"\u0160ATN\u00cd N\u00c1BYTEK","isPartOf":{"@id":"https:\/\/alexnabytek.cz\/satninabytek\/#website"},"datePublished":"2016-06-08T07:57:17+00:00","dateModified":"2024-11-22T12:52:12+00:00","breadcrumb":{"@id":"https:\/\/alexnabytek.cz\/satninabytek\/#breadcrumb"},"inLanguage":"en-US","potentialAction":[{"@type":"ReadAction","target":["https:\/\/alexnabytek.cz\/satninabytek\/"]}]},{"@type":"BreadcrumbList","@id":"https:\/\/alexnabytek.cz\/satninabytek\/#breadcrumb","itemListElement":[{"@type":"ListItem","position":1,"name":"Home","item":"https:\/\/alexnabytek.cz\/satninabytek\/"},{"@type":"ListItem","position":2,"name":"F\u0151oldal"}]},{"@type":"WebSite","@id":"https:\/\/alexnabytek.cz\/satninabytek\/#website","url":"https:\/\/alexnabytek.cz\/satninabytek\/","name":"\u0160ATN\u00cd N\u00c1BYTEK","description":"Alex kovov\u00fd a \u0161koln\u00ed n\u00e1bytek s.r.o.","potentialAction":[{"@type":"SearchAction","target":{"@type":"EntryPoint","urlTemplate":"https:\/\/alexnabytek.cz\/satninabytek\/?s={search_term_string}"},"query-input":{"@type":"PropertyValueSpecification","valueRequired":true,"valueName":"search_term_string"}}],"inLanguage":"en-US"}]}},"_links":{"self":[{"href":"https:\/\/alexnabytek.cz\/satninabytek\/wp-json\/wp\/v2\/pages\/10","targetHints":{"allow":["GET"]}}],"collection":[{"href":"https:\/\/alexnabytek.cz\/satninabytek\/wp-json\/wp\/v2\/pages"}],"about":[{"href":"https:\/\/alexnabytek.cz\/satninabytek\/wp-json\/wp\/v2\/types\/page"}],"author":[{"embeddable":true,"href":"https:\/\/alexnabytek.cz\/satninabytek\/wp-json\/wp\/v2\/users\/3"}],"replies":[{"embeddable":true,"href":"https:\/\/alexnabytek.cz\/satninabytek\/wp-json\/wp\/v2\/comments?post=10"}],"version-history":[{"count":9,"href":"https:\/\/alexnabytek.cz\/satninabytek\/wp-json\/wp\/v2\/pages\/10\/revisions"}],"predecessor-version":[{"id":56022,"href":"https:\/\/alexnabytek.cz\/satninabytek\/wp-json\/wp\/v2\/pages\/10\/revisions\/56022"}],"wp:attachment":[{"href":"https:\/\/alexnabytek.cz\/satninabytek\/wp-json\/wp\/v2\/media?parent=10"}],"curies":[{"name":"wp","href":"https:\/\/api.w.org\/{rel}","templated":true}]}}