{"id":49858,"date":"2020-06-11T10:19:04","date_gmt":"2020-06-11T10:19:04","guid":{"rendered":"http:\/\/alexnabytek.cz\/satninabytek\/?page_id=49858"},"modified":"2020-06-11T10:20:35","modified_gmt":"2020-06-11T10:20:35","slug":"volitelne-barvy-lati-a-kovovych-konstrukci","status":"publish","type":"page","link":"https:\/\/alexnabytek.cz\/satninabytek\/volitelne-barvy-lati-a-kovovych-konstrukci\/","title":{"rendered":"Voliteln\u00e9 barvy lat\u00ed a kovov\u00fdch konstrukc\u00ed"},"content":{"rendered":"<p><img loading=\"lazy\" decoding=\"async\" src=\"https:\/\/alexnabytek.cz\/satninabytek\/wp-content\/uploads\/2020\/06\/wpcheader.jpg\" alt=\"\" width=\"933\" height=\"345\" class=\"alignnone size-full wp-image-49860\" srcset=\"https:\/\/alexnabytek.cz\/satninabytek\/wp-content\/uploads\/2020\/06\/wpcheader.jpg 933w, https:\/\/alexnabytek.cz\/satninabytek\/wp-content\/uploads\/2020\/06\/wpcheader-300x111.jpg 300w, https:\/\/alexnabytek.cz\/satninabytek\/wp-content\/uploads\/2020\/06\/wpcheader-768x284.jpg 768w, https:\/\/alexnabytek.cz\/satninabytek\/wp-content\/uploads\/2020\/06\/wpcheader-676x250.jpg 676w\" sizes=\"auto, (max-width: 933px) 100vw, 933px\" \/><\/p>\n<p style=\"font-size: 20px; line-height: 1.5;\">S ohledem na zp\u011btnou vazbu od na\u0161ich z\u00e1kazn\u00edk\u016f jsou na\u0161e \u0161atn\u00ed lavice Fitt dostupn\u00e9 ve 3 typech: bez op\u011bradla, jednostrann\u00e1 s op\u011bradlem a oboustrann\u00e1 s op\u011bradlem, 3 rozm\u011bry: \u0161\u00ed\u0159ka 120, 150 a 190 cm. Lat\u011b jsou dostupn\u00e9 v 5 r\u016fzn\u00fdch barv\u00e1ch a konstrukce ve 14 z\u00e1kladn\u00edch barv\u00e1ch.<\/p>\n<p style=\"font-size: 20px; line-height: 1.5;\">Lat\u011b WPC (Wood Plastic Composite) jsou vyrobeny z d\u0159evo-plastov\u00e9ho kompozitu, kter\u00fd je sm\u011bs\u00ed d\u0159evot\u0159\u00edsky a polymern\u00ed matrice. Obsah d\u0159eva v kompozitu je 60 %. Desky jsou odoln\u00e9 v\u016f\u010di korozi a hnilob\u011b. Jsou extr\u00e9mn\u011b odoln\u00e9 v\u016f\u010di mechanick\u00e9mu nam\u00e1h\u00e1n\u00ed, odol\u00e1vaj\u00ed tak\u00e9 v\u016f\u010di organism\u016fm, kter\u00e9 napadaj\u00ed vlhk\u00e9 d\u0159evo. Tento mate-ri\u00e1l ide\u00e1ln\u011b spojuje v\u00fdhody d\u0159eva a polymer\u016f, p\u0159i\u010dem\u017e eliminuje v\u0161echny jejich negativa. Materi\u00e1l je odoln\u00fd v\u016f\u010di prask\u00e1n\u00ed, nevy\u017eaduje \u017e\u00e1dnou zvl\u00e1\u0161tn\u00ed \u00fadr\u017ebu s v\u00fdjimkou odstran\u011bn\u00ed ne\u010distot.<\/p>\n<p><a class=\"btn btn-primary btn-normal btn-inline \" href=\"https:\/\/alexnabytek.cz\/satninabytek\/kategorie\/satni-lavicky\/satni-lavicky-fitt\/\">\u0160atn\u00ed lavi\u010dky FITT<\/a><\/p>\n","protected":false},"excerpt":{"rendered":"<p>S ohledem na zp\u011btnou vazbu od na\u0161ich z\u00e1kazn\u00edk\u016f jsou na\u0161e \u0161atn\u00ed lavice Fitt dostupn\u00e9 ve 3 typech: bez op\u011bradla, jednostrann\u00e1 s op\u011bradlem a oboustrann\u00e1 s op\u011bradlem, 3 rozm\u011bry: \u0161\u00ed\u0159ka 120, 150 a 190 cm. Lat\u011b jsou dostupn\u00e9 v 5 r\u016fzn\u00fdch barv\u00e1ch a konstrukce ve 14 z\u00e1kladn\u00edch barv\u00e1ch. Lat\u011b WPC (Wood Plastic Composite) jsou vyrobeny z d\u0159evo-plastov\u00e9ho kompozitu, kter\u00fd je sm\u011bs\u00ed&nbsp;<a href=\"https:\/\/alexnabytek.cz\/satninabytek\/volitelne-barvy-lati-a-kovovych-konstrukci\/\" class=\"read-more\">...<\/a><\/p>\n","protected":false},"author":3,"featured_media":49860,"parent":0,"menu_order":0,"comment_status":"closed","ping_status":"closed","template":"page-fullwidth.php","meta":{"footnotes":""},"class_list":["post-49858","page","type-page","status-publish","has-post-thumbnail","hentry"],"yoast_head":"<!-- This site is optimized with the Yoast SEO plugin v24.6 - https:\/\/yoast.com\/wordpress\/plugins\/seo\/ -->\n<title>Voliteln\u00e9 barvy lat\u00ed a kovov\u00fdch konstrukc\u00ed - \u0160ATN\u00cd N\u00c1BYTEK<\/title>\n<meta name=\"robots\" content=\"index, follow, max-snippet:-1, max-image-preview:large, max-video-preview:-1\" \/>\n<link rel=\"canonical\" href=\"https:\/\/alexnabytek.cz\/satninabytek\/volitelne-barvy-lati-a-kovovych-konstrukci\/\" \/>\n<meta property=\"og:locale\" content=\"cs_CZ\" \/>\n<meta property=\"og:type\" content=\"article\" \/>\n<meta property=\"og:title\" content=\"Voliteln\u00e9 barvy lat\u00ed a kovov\u00fdch konstrukc\u00ed - \u0160ATN\u00cd N\u00c1BYTEK\" \/>\n<meta property=\"og:description\" content=\"S ohledem na zp\u011btnou vazbu od na\u0161ich z\u00e1kazn\u00edk\u016f jsou na\u0161e \u0161atn\u00ed lavice Fitt dostupn\u00e9 ve 3 typech: bez op\u011bradla, jednostrann\u00e1 s op\u011bradlem a oboustrann\u00e1 s op\u011bradlem, 3 rozm\u011bry: \u0161\u00ed\u0159ka 120, 150 a 190 cm. Lat\u011b jsou dostupn\u00e9 v 5 r\u016fzn\u00fdch barv\u00e1ch a konstrukce ve 14 z\u00e1kladn\u00edch barv\u00e1ch. Lat\u011b WPC (Wood Plastic Composite) jsou vyrobeny z d\u0159evo-plastov\u00e9ho kompozitu, kter\u00fd je sm\u011bs\u00ed&nbsp;...\" \/>\n<meta property=\"og:url\" content=\"https:\/\/alexnabytek.cz\/satninabytek\/volitelne-barvy-lati-a-kovovych-konstrukci\/\" \/>\n<meta property=\"og:site_name\" content=\"\u0160ATN\u00cd N\u00c1BYTEK\" \/>\n<meta property=\"article:modified_time\" content=\"2020-06-11T10:20:35+00:00\" \/>\n<meta property=\"og:image\" content=\"https:\/\/alexnabytek.cz\/satninabytek\/wp-content\/uploads\/2020\/06\/wpcheader.jpg\" \/>\n\t<meta property=\"og:image:width\" content=\"933\" \/>\n\t<meta property=\"og:image:height\" content=\"345\" \/>\n\t<meta property=\"og:image:type\" content=\"image\/jpeg\" \/>\n<meta name=\"twitter:card\" content=\"summary_large_image\" \/>\n<meta name=\"twitter:label1\" content=\"Est. reading time\" \/>\n\t<meta name=\"twitter:data1\" content=\"1 minute\" \/>\n<script type=\"application\/ld+json\" class=\"yoast-schema-graph\">{\"@context\":\"https:\/\/schema.org\",\"@graph\":[{\"@type\":\"WebPage\",\"@id\":\"https:\/\/alexnabytek.cz\/satninabytek\/volitelne-barvy-lati-a-kovovych-konstrukci\/\",\"url\":\"https:\/\/alexnabytek.cz\/satninabytek\/volitelne-barvy-lati-a-kovovych-konstrukci\/\",\"name\":\"Voliteln\u00e9 barvy lat\u00ed a kovov\u00fdch konstrukc\u00ed - \u0160ATN\u00cd N\u00c1BYTEK\",\"isPartOf\":{\"@id\":\"https:\/\/alexnabytek.cz\/satninabytek\/#website\"},\"primaryImageOfPage\":{\"@id\":\"https:\/\/alexnabytek.cz\/satninabytek\/volitelne-barvy-lati-a-kovovych-konstrukci\/#primaryimage\"},\"image\":{\"@id\":\"https:\/\/alexnabytek.cz\/satninabytek\/volitelne-barvy-lati-a-kovovych-konstrukci\/#primaryimage\"},\"thumbnailUrl\":\"https:\/\/alexnabytek.cz\/satninabytek\/wp-content\/uploads\/2020\/06\/wpcheader.jpg\",\"datePublished\":\"2020-06-11T10:19:04+00:00\",\"dateModified\":\"2020-06-11T10:20:35+00:00\",\"breadcrumb\":{\"@id\":\"https:\/\/alexnabytek.cz\/satninabytek\/volitelne-barvy-lati-a-kovovych-konstrukci\/#breadcrumb\"},\"inLanguage\":\"en-US\",\"potentialAction\":[{\"@type\":\"ReadAction\",\"target\":[\"https:\/\/alexnabytek.cz\/satninabytek\/volitelne-barvy-lati-a-kovovych-konstrukci\/\"]}]},{\"@type\":\"ImageObject\",\"inLanguage\":\"en-US\",\"@id\":\"https:\/\/alexnabytek.cz\/satninabytek\/volitelne-barvy-lati-a-kovovych-konstrukci\/#primaryimage\",\"url\":\"https:\/\/alexnabytek.cz\/satninabytek\/wp-content\/uploads\/2020\/06\/wpcheader.jpg\",\"contentUrl\":\"https:\/\/alexnabytek.cz\/satninabytek\/wp-content\/uploads\/2020\/06\/wpcheader.jpg\",\"width\":933,\"height\":345},{\"@type\":\"BreadcrumbList\",\"@id\":\"https:\/\/alexnabytek.cz\/satninabytek\/volitelne-barvy-lati-a-kovovych-konstrukci\/#breadcrumb\",\"itemListElement\":[{\"@type\":\"ListItem\",\"position\":1,\"name\":\"Home\",\"item\":\"https:\/\/alexnabytek.cz\/satninabytek\/\"},{\"@type\":\"ListItem\",\"position\":2,\"name\":\"Voliteln\u00e9 barvy lat\u00ed a kovov\u00fdch konstrukc\u00ed\"}]},{\"@type\":\"WebSite\",\"@id\":\"https:\/\/alexnabytek.cz\/satninabytek\/#website\",\"url\":\"https:\/\/alexnabytek.cz\/satninabytek\/\",\"name\":\"\u0160ATN\u00cd N\u00c1BYTEK\",\"description\":\"Alex kovov\u00fd a \u0161koln\u00ed n\u00e1bytek s.r.o.\",\"potentialAction\":[{\"@type\":\"SearchAction\",\"target\":{\"@type\":\"EntryPoint\",\"urlTemplate\":\"https:\/\/alexnabytek.cz\/satninabytek\/?s={search_term_string}\"},\"query-input\":{\"@type\":\"PropertyValueSpecification\",\"valueRequired\":true,\"valueName\":\"search_term_string\"}}],\"inLanguage\":\"en-US\"}]}<\/script>\n<!-- \/ Yoast SEO plugin. -->","yoast_head_json":{"title":"Voliteln\u00e9 barvy lat\u00ed a kovov\u00fdch konstrukc\u00ed - \u0160ATN\u00cd N\u00c1BYTEK","robots":{"index":"index","follow":"follow","max-snippet":"max-snippet:-1","max-image-preview":"max-image-preview:large","max-video-preview":"max-video-preview:-1"},"canonical":"https:\/\/alexnabytek.cz\/satninabytek\/volitelne-barvy-lati-a-kovovych-konstrukci\/","og_locale":"cs_CZ","og_type":"article","og_title":"Voliteln\u00e9 barvy lat\u00ed a kovov\u00fdch konstrukc\u00ed - \u0160ATN\u00cd N\u00c1BYTEK","og_description":"S ohledem na zp\u011btnou vazbu od na\u0161ich z\u00e1kazn\u00edk\u016f jsou na\u0161e \u0161atn\u00ed lavice Fitt dostupn\u00e9 ve 3 typech: bez op\u011bradla, jednostrann\u00e1 s op\u011bradlem a oboustrann\u00e1 s op\u011bradlem, 3 rozm\u011bry: \u0161\u00ed\u0159ka 120, 150 a 190 cm. Lat\u011b jsou dostupn\u00e9 v 5 r\u016fzn\u00fdch barv\u00e1ch a konstrukce ve 14 z\u00e1kladn\u00edch barv\u00e1ch. Lat\u011b WPC (Wood Plastic Composite) jsou vyrobeny z d\u0159evo-plastov\u00e9ho kompozitu, kter\u00fd je sm\u011bs\u00ed&nbsp;...","og_url":"https:\/\/alexnabytek.cz\/satninabytek\/volitelne-barvy-lati-a-kovovych-konstrukci\/","og_site_name":"\u0160ATN\u00cd N\u00c1BYTEK","article_modified_time":"2020-06-11T10:20:35+00:00","og_image":[{"width":933,"height":345,"url":"https:\/\/alexnabytek.cz\/satninabytek\/wp-content\/uploads\/2020\/06\/wpcheader.jpg","type":"image\/jpeg"}],"twitter_card":"summary_large_image","twitter_misc":{"Est. reading time":"1 minute"},"schema":{"@context":"https:\/\/schema.org","@graph":[{"@type":"WebPage","@id":"https:\/\/alexnabytek.cz\/satninabytek\/volitelne-barvy-lati-a-kovovych-konstrukci\/","url":"https:\/\/alexnabytek.cz\/satninabytek\/volitelne-barvy-lati-a-kovovych-konstrukci\/","name":"Voliteln\u00e9 barvy lat\u00ed a kovov\u00fdch konstrukc\u00ed - \u0160ATN\u00cd N\u00c1BYTEK","isPartOf":{"@id":"https:\/\/alexnabytek.cz\/satninabytek\/#website"},"primaryImageOfPage":{"@id":"https:\/\/alexnabytek.cz\/satninabytek\/volitelne-barvy-lati-a-kovovych-konstrukci\/#primaryimage"},"image":{"@id":"https:\/\/alexnabytek.cz\/satninabytek\/volitelne-barvy-lati-a-kovovych-konstrukci\/#primaryimage"},"thumbnailUrl":"https:\/\/alexnabytek.cz\/satninabytek\/wp-content\/uploads\/2020\/06\/wpcheader.jpg","datePublished":"2020-06-11T10:19:04+00:00","dateModified":"2020-06-11T10:20:35+00:00","breadcrumb":{"@id":"https:\/\/alexnabytek.cz\/satninabytek\/volitelne-barvy-lati-a-kovovych-konstrukci\/#breadcrumb"},"inLanguage":"en-US","potentialAction":[{"@type":"ReadAction","target":["https:\/\/alexnabytek.cz\/satninabytek\/volitelne-barvy-lati-a-kovovych-konstrukci\/"]}]},{"@type":"ImageObject","inLanguage":"en-US","@id":"https:\/\/alexnabytek.cz\/satninabytek\/volitelne-barvy-lati-a-kovovych-konstrukci\/#primaryimage","url":"https:\/\/alexnabytek.cz\/satninabytek\/wp-content\/uploads\/2020\/06\/wpcheader.jpg","contentUrl":"https:\/\/alexnabytek.cz\/satninabytek\/wp-content\/uploads\/2020\/06\/wpcheader.jpg","width":933,"height":345},{"@type":"BreadcrumbList","@id":"https:\/\/alexnabytek.cz\/satninabytek\/volitelne-barvy-lati-a-kovovych-konstrukci\/#breadcrumb","itemListElement":[{"@type":"ListItem","position":1,"name":"Home","item":"https:\/\/alexnabytek.cz\/satninabytek\/"},{"@type":"ListItem","position":2,"name":"Voliteln\u00e9 barvy lat\u00ed a kovov\u00fdch konstrukc\u00ed"}]},{"@type":"WebSite","@id":"https:\/\/alexnabytek.cz\/satninabytek\/#website","url":"https:\/\/alexnabytek.cz\/satninabytek\/","name":"\u0160ATN\u00cd N\u00c1BYTEK","description":"Alex kovov\u00fd a \u0161koln\u00ed n\u00e1bytek s.r.o.","potentialAction":[{"@type":"SearchAction","target":{"@type":"EntryPoint","urlTemplate":"https:\/\/alexnabytek.cz\/satninabytek\/?s={search_term_string}"},"query-input":{"@type":"PropertyValueSpecification","valueRequired":true,"valueName":"search_term_string"}}],"inLanguage":"en-US"}]}},"_links":{"self":[{"href":"https:\/\/alexnabytek.cz\/satninabytek\/wp-json\/wp\/v2\/pages\/49858","targetHints":{"allow":["GET"]}}],"collection":[{"href":"https:\/\/alexnabytek.cz\/satninabytek\/wp-json\/wp\/v2\/pages"}],"about":[{"href":"https:\/\/alexnabytek.cz\/satninabytek\/wp-json\/wp\/v2\/types\/page"}],"author":[{"embeddable":true,"href":"https:\/\/alexnabytek.cz\/satninabytek\/wp-json\/wp\/v2\/users\/3"}],"replies":[{"embeddable":true,"href":"https:\/\/alexnabytek.cz\/satninabytek\/wp-json\/wp\/v2\/comments?post=49858"}],"version-history":[{"count":2,"href":"https:\/\/alexnabytek.cz\/satninabytek\/wp-json\/wp\/v2\/pages\/49858\/revisions"}],"predecessor-version":[{"id":49862,"href":"https:\/\/alexnabytek.cz\/satninabytek\/wp-json\/wp\/v2\/pages\/49858\/revisions\/49862"}],"wp:featuredmedia":[{"embeddable":true,"href":"https:\/\/alexnabytek.cz\/satninabytek\/wp-json\/wp\/v2\/media\/49860"}],"wp:attachment":[{"href":"https:\/\/alexnabytek.cz\/satninabytek\/wp-json\/wp\/v2\/media?parent=49858"}],"curies":[{"name":"wp","href":"https:\/\/api.w.org\/{rel}","templated":true}]}}