{"id":52273,"date":"2018-08-21T09:49:16","date_gmt":"2018-08-21T09:49:16","guid":{"rendered":"http:\/\/alexnabytek.cz\/skolninabytek\/?page_id=52273"},"modified":"2018-08-21T09:49:16","modified_gmt":"2018-08-21T09:49:16","slug":"zidle-ergoflex","status":"publish","type":"page","link":"https:\/\/alexnabytek.cz\/skolninabytek\/kategorie\/skolni-stoly-lavice-zidle-s-pevnou-vyskou\/celodenni-vzdelavani\/zidle-ergoflex\/","title":{"rendered":"\u017didle Ergoflex"},"content":{"rendered":"","protected":false},"excerpt":{"rendered":"","protected":false},"author":3,"featured_media":52274,"parent":46384,"menu_order":0,"comment_status":"closed","ping_status":"closed","template":"page-Portfolio4Cols-filterable.php","meta":{"footnotes":""},"class_list":["post-52273","page","type-page","status-publish","has-post-thumbnail","hentry"],"yoast_head":"<!-- This site is optimized with the Yoast SEO plugin v24.6 - https:\/\/yoast.com\/wordpress\/plugins\/seo\/ -->\n<title>\u017didle Ergoflex - \u0160KOLN\u00cd N\u00c1BYTEK<\/title>\n<meta name=\"robots\" content=\"index, follow, max-snippet:-1, max-image-preview:large, max-video-preview:-1\" \/>\n<link rel=\"canonical\" href=\"https:\/\/alexnabytek.cz\/skolninabytek\/kategorie\/skolni-stoly-lavice-zidle-s-pevnou-vyskou\/celodenni-vzdelavani\/zidle-ergoflex\/\" \/>\n<meta property=\"og:locale\" content=\"cs_CZ\" \/>\n<meta property=\"og:type\" content=\"article\" \/>\n<meta property=\"og:title\" content=\"\u017didle Ergoflex - \u0160KOLN\u00cd N\u00c1BYTEK\" \/>\n<meta property=\"og:url\" content=\"https:\/\/alexnabytek.cz\/skolninabytek\/kategorie\/skolni-stoly-lavice-zidle-s-pevnou-vyskou\/celodenni-vzdelavani\/zidle-ergoflex\/\" \/>\n<meta property=\"og:site_name\" content=\"\u0160KOLN\u00cd N\u00c1BYTEK\" \/>\n<meta property=\"og:image\" content=\"https:\/\/alexnabytek.cz\/skolninabytek\/wp-content\/uploads\/2018\/08\/ERGOFLEX_800x560_kategoria_kep.jpg\" \/>\n\t<meta property=\"og:image:width\" content=\"800\" \/>\n\t<meta property=\"og:image:height\" content=\"560\" \/>\n\t<meta property=\"og:image:type\" content=\"image\/jpeg\" \/>\n<meta name=\"twitter:card\" content=\"summary_large_image\" \/>\n<script type=\"application\/ld+json\" class=\"yoast-schema-graph\">{\"@context\":\"https:\/\/schema.org\",\"@graph\":[{\"@type\":\"WebPage\",\"@id\":\"https:\/\/alexnabytek.cz\/skolninabytek\/kategorie\/skolni-stoly-lavice-zidle-s-pevnou-vyskou\/celodenni-vzdelavani\/zidle-ergoflex\/\",\"url\":\"https:\/\/alexnabytek.cz\/skolninabytek\/kategorie\/skolni-stoly-lavice-zidle-s-pevnou-vyskou\/celodenni-vzdelavani\/zidle-ergoflex\/\",\"name\":\"\u017didle Ergoflex - \u0160KOLN\u00cd N\u00c1BYTEK\",\"isPartOf\":{\"@id\":\"https:\/\/alexnabytek.cz\/skolninabytek\/#website\"},\"primaryImageOfPage\":{\"@id\":\"https:\/\/alexnabytek.cz\/skolninabytek\/kategorie\/skolni-stoly-lavice-zidle-s-pevnou-vyskou\/celodenni-vzdelavani\/zidle-ergoflex\/#primaryimage\"},\"image\":{\"@id\":\"https:\/\/alexnabytek.cz\/skolninabytek\/kategorie\/skolni-stoly-lavice-zidle-s-pevnou-vyskou\/celodenni-vzdelavani\/zidle-ergoflex\/#primaryimage\"},\"thumbnailUrl\":\"https:\/\/alexnabytek.cz\/skolninabytek\/wp-content\/uploads\/2018\/08\/ERGOFLEX_800x560_kategoria_kep.jpg\",\"datePublished\":\"2018-08-21T09:49:16+00:00\",\"breadcrumb\":{\"@id\":\"https:\/\/alexnabytek.cz\/skolninabytek\/kategorie\/skolni-stoly-lavice-zidle-s-pevnou-vyskou\/celodenni-vzdelavani\/zidle-ergoflex\/#breadcrumb\"},\"inLanguage\":\"en-US\",\"potentialAction\":[{\"@type\":\"ReadAction\",\"target\":[\"https:\/\/alexnabytek.cz\/skolninabytek\/kategorie\/skolni-stoly-lavice-zidle-s-pevnou-vyskou\/celodenni-vzdelavani\/zidle-ergoflex\/\"]}]},{\"@type\":\"ImageObject\",\"inLanguage\":\"en-US\",\"@id\":\"https:\/\/alexnabytek.cz\/skolninabytek\/kategorie\/skolni-stoly-lavice-zidle-s-pevnou-vyskou\/celodenni-vzdelavani\/zidle-ergoflex\/#primaryimage\",\"url\":\"https:\/\/alexnabytek.cz\/skolninabytek\/wp-content\/uploads\/2018\/08\/ERGOFLEX_800x560_kategoria_kep.jpg\",\"contentUrl\":\"https:\/\/alexnabytek.cz\/skolninabytek\/wp-content\/uploads\/2018\/08\/ERGOFLEX_800x560_kategoria_kep.jpg\",\"width\":800,\"height\":560},{\"@type\":\"BreadcrumbList\",\"@id\":\"https:\/\/alexnabytek.cz\/skolninabytek\/kategorie\/skolni-stoly-lavice-zidle-s-pevnou-vyskou\/celodenni-vzdelavani\/zidle-ergoflex\/#breadcrumb\",\"itemListElement\":[{\"@type\":\"ListItem\",\"position\":1,\"name\":\"Home\",\"item\":\"https:\/\/alexnabytek.cz\/skolninabytek\/\"},{\"@type\":\"ListItem\",\"position\":2,\"name\":\"Produkty\",\"item\":\"https:\/\/alexnabytek.cz\/skolninabytek\/kategorie\/\"},{\"@type\":\"ListItem\",\"position\":3,\"name\":\"\u0160koln\u00ed stoly (lavice) a&nbsp;\u017eidle s&nbsp;pevnou v\u00fd\u0161kou\",\"item\":\"https:\/\/alexnabytek.cz\/skolninabytek\/kategorie\/skolni-stoly-lavice-zidle-s-pevnou-vyskou\/\"},{\"@type\":\"ListItem\",\"position\":4,\"name\":\"Variabiln\u00ed lavice a \u017eidle\",\"item\":\"https:\/\/alexnabytek.cz\/skolninabytek\/kategorie\/skolni-stoly-lavice-zidle-s-pevnou-vyskou\/celodenni-vzdelavani\/\"},{\"@type\":\"ListItem\",\"position\":5,\"name\":\"\u017didle Ergoflex\"}]},{\"@type\":\"WebSite\",\"@id\":\"https:\/\/alexnabytek.cz\/skolninabytek\/#website\",\"url\":\"https:\/\/alexnabytek.cz\/skolninabytek\/\",\"name\":\"\u0160KOLN\u00cd N\u00c1BYTEK\",\"description\":\"Alex kovov\u00fd a \u0161koln\u00ed n\u00e1bytek s.r.o\",\"potentialAction\":[{\"@type\":\"SearchAction\",\"target\":{\"@type\":\"EntryPoint\",\"urlTemplate\":\"https:\/\/alexnabytek.cz\/skolninabytek\/?s={search_term_string}\"},\"query-input\":{\"@type\":\"PropertyValueSpecification\",\"valueRequired\":true,\"valueName\":\"search_term_string\"}}],\"inLanguage\":\"en-US\"}]}<\/script>\n<!-- \/ Yoast SEO plugin. -->","yoast_head_json":{"title":"\u017didle Ergoflex - \u0160KOLN\u00cd N\u00c1BYTEK","robots":{"index":"index","follow":"follow","max-snippet":"max-snippet:-1","max-image-preview":"max-image-preview:large","max-video-preview":"max-video-preview:-1"},"canonical":"https:\/\/alexnabytek.cz\/skolninabytek\/kategorie\/skolni-stoly-lavice-zidle-s-pevnou-vyskou\/celodenni-vzdelavani\/zidle-ergoflex\/","og_locale":"cs_CZ","og_type":"article","og_title":"\u017didle Ergoflex - \u0160KOLN\u00cd N\u00c1BYTEK","og_url":"https:\/\/alexnabytek.cz\/skolninabytek\/kategorie\/skolni-stoly-lavice-zidle-s-pevnou-vyskou\/celodenni-vzdelavani\/zidle-ergoflex\/","og_site_name":"\u0160KOLN\u00cd N\u00c1BYTEK","og_image":[{"width":800,"height":560,"url":"https:\/\/alexnabytek.cz\/skolninabytek\/wp-content\/uploads\/2018\/08\/ERGOFLEX_800x560_kategoria_kep.jpg","type":"image\/jpeg"}],"twitter_card":"summary_large_image","schema":{"@context":"https:\/\/schema.org","@graph":[{"@type":"WebPage","@id":"https:\/\/alexnabytek.cz\/skolninabytek\/kategorie\/skolni-stoly-lavice-zidle-s-pevnou-vyskou\/celodenni-vzdelavani\/zidle-ergoflex\/","url":"https:\/\/alexnabytek.cz\/skolninabytek\/kategorie\/skolni-stoly-lavice-zidle-s-pevnou-vyskou\/celodenni-vzdelavani\/zidle-ergoflex\/","name":"\u017didle Ergoflex - \u0160KOLN\u00cd N\u00c1BYTEK","isPartOf":{"@id":"https:\/\/alexnabytek.cz\/skolninabytek\/#website"},"primaryImageOfPage":{"@id":"https:\/\/alexnabytek.cz\/skolninabytek\/kategorie\/skolni-stoly-lavice-zidle-s-pevnou-vyskou\/celodenni-vzdelavani\/zidle-ergoflex\/#primaryimage"},"image":{"@id":"https:\/\/alexnabytek.cz\/skolninabytek\/kategorie\/skolni-stoly-lavice-zidle-s-pevnou-vyskou\/celodenni-vzdelavani\/zidle-ergoflex\/#primaryimage"},"thumbnailUrl":"https:\/\/alexnabytek.cz\/skolninabytek\/wp-content\/uploads\/2018\/08\/ERGOFLEX_800x560_kategoria_kep.jpg","datePublished":"2018-08-21T09:49:16+00:00","breadcrumb":{"@id":"https:\/\/alexnabytek.cz\/skolninabytek\/kategorie\/skolni-stoly-lavice-zidle-s-pevnou-vyskou\/celodenni-vzdelavani\/zidle-ergoflex\/#breadcrumb"},"inLanguage":"en-US","potentialAction":[{"@type":"ReadAction","target":["https:\/\/alexnabytek.cz\/skolninabytek\/kategorie\/skolni-stoly-lavice-zidle-s-pevnou-vyskou\/celodenni-vzdelavani\/zidle-ergoflex\/"]}]},{"@type":"ImageObject","inLanguage":"en-US","@id":"https:\/\/alexnabytek.cz\/skolninabytek\/kategorie\/skolni-stoly-lavice-zidle-s-pevnou-vyskou\/celodenni-vzdelavani\/zidle-ergoflex\/#primaryimage","url":"https:\/\/alexnabytek.cz\/skolninabytek\/wp-content\/uploads\/2018\/08\/ERGOFLEX_800x560_kategoria_kep.jpg","contentUrl":"https:\/\/alexnabytek.cz\/skolninabytek\/wp-content\/uploads\/2018\/08\/ERGOFLEX_800x560_kategoria_kep.jpg","width":800,"height":560},{"@type":"BreadcrumbList","@id":"https:\/\/alexnabytek.cz\/skolninabytek\/kategorie\/skolni-stoly-lavice-zidle-s-pevnou-vyskou\/celodenni-vzdelavani\/zidle-ergoflex\/#breadcrumb","itemListElement":[{"@type":"ListItem","position":1,"name":"Home","item":"https:\/\/alexnabytek.cz\/skolninabytek\/"},{"@type":"ListItem","position":2,"name":"Produkty","item":"https:\/\/alexnabytek.cz\/skolninabytek\/kategorie\/"},{"@type":"ListItem","position":3,"name":"\u0160koln\u00ed stoly (lavice) a&nbsp;\u017eidle s&nbsp;pevnou v\u00fd\u0161kou","item":"https:\/\/alexnabytek.cz\/skolninabytek\/kategorie\/skolni-stoly-lavice-zidle-s-pevnou-vyskou\/"},{"@type":"ListItem","position":4,"name":"Variabiln\u00ed lavice a \u017eidle","item":"https:\/\/alexnabytek.cz\/skolninabytek\/kategorie\/skolni-stoly-lavice-zidle-s-pevnou-vyskou\/celodenni-vzdelavani\/"},{"@type":"ListItem","position":5,"name":"\u017didle Ergoflex"}]},{"@type":"WebSite","@id":"https:\/\/alexnabytek.cz\/skolninabytek\/#website","url":"https:\/\/alexnabytek.cz\/skolninabytek\/","name":"\u0160KOLN\u00cd N\u00c1BYTEK","description":"Alex kovov\u00fd a \u0161koln\u00ed n\u00e1bytek s.r.o","potentialAction":[{"@type":"SearchAction","target":{"@type":"EntryPoint","urlTemplate":"https:\/\/alexnabytek.cz\/skolninabytek\/?s={search_term_string}"},"query-input":{"@type":"PropertyValueSpecification","valueRequired":true,"valueName":"search_term_string"}}],"inLanguage":"en-US"}]}},"_links":{"self":[{"href":"https:\/\/alexnabytek.cz\/skolninabytek\/wp-json\/wp\/v2\/pages\/52273","targetHints":{"allow":["GET"]}}],"collection":[{"href":"https:\/\/alexnabytek.cz\/skolninabytek\/wp-json\/wp\/v2\/pages"}],"about":[{"href":"https:\/\/alexnabytek.cz\/skolninabytek\/wp-json\/wp\/v2\/types\/page"}],"author":[{"embeddable":true,"href":"https:\/\/alexnabytek.cz\/skolninabytek\/wp-json\/wp\/v2\/users\/3"}],"replies":[{"embeddable":true,"href":"https:\/\/alexnabytek.cz\/skolninabytek\/wp-json\/wp\/v2\/comments?post=52273"}],"version-history":[{"count":1,"href":"https:\/\/alexnabytek.cz\/skolninabytek\/wp-json\/wp\/v2\/pages\/52273\/revisions"}],"predecessor-version":[{"id":52275,"href":"https:\/\/alexnabytek.cz\/skolninabytek\/wp-json\/wp\/v2\/pages\/52273\/revisions\/52275"}],"up":[{"embeddable":true,"href":"https:\/\/alexnabytek.cz\/skolninabytek\/wp-json\/wp\/v2\/pages\/46384"}],"wp:featuredmedia":[{"embeddable":true,"href":"https:\/\/alexnabytek.cz\/skolninabytek\/wp-json\/wp\/v2\/media\/52274"}],"wp:attachment":[{"href":"https:\/\/alexnabytek.cz\/skolninabytek\/wp-json\/wp\/v2\/media?parent=52273"}],"curies":[{"name":"wp","href":"https:\/\/api.w.org\/{rel}","templated":true}]}}